e number?
False
Is 129413 a composite number?
True
Is 156095 composite?
True
Is 275603 a prime number?
False
Is 161831 composite?
False
Is 6130273 prime?
True
Is 2383021 a prime number?
False
Is 21883 composite?
True
Is 1657 prime?
True
Is 2878 prime?
False
Is 595939 a prime number?
True
Is 1445431 composite?
True
Is 34733 composite?
True
Is 293551 a composite number?
True
Is 1103101 prime?
True
Is 231761 composite?
True
Is 4849 prime?
False
Is 186859 composite?
False
Is 88685 composite?
True
Is 381559 prime?
True
Is 1393003 a prime number?
True
Is 2285 a composite number?
True
Is 132497 prime?
False
Is 3527 a prime number?
True
Is 7121 composite?
False
Is 194983 a composite number?
True
Is 905095 a composite number?
True
Is 15661 a prime number?
True
Is 102359 prime?
True
Is 56569 a prime number?
True
Is 1358765 composite?
True
Is 406669 a prime number?
False
Is 13165 a prime number?
False
Is 359243 a composite number?
False
Is 3981 composite?
True
Is 170977 prime?
False
Is 2411 composite?
False
Is 6673 composite?
False
Is 22339 prime?
False
Is 41962 composite?
True
Is 2836319 prime?
False
Is 8513 a prime number?
True
Is 44293 prime?
True
Is 5821 a prime number?
True
Is 2507 composite?
True
Is 19807 a composite number?
True
Is 153327 a prime number?
False
Is 322327 a composite number?
False
Is 521107 prime?
True
Is 583 a prime number?
False
Is 153937 prime?
False
Is 8039 a composite number?
False
Is 18661 prime?
True
Is 5331 a composite number?
True
Is 916001 prime?
False
Is 9029 a prime number?
True
Is 35213 composite?
True
Is 9413 a prime number?
True
Is 5209 a prime number?
True
Is 2119 prime?
False
Is 98573 a prime number?
True
Is 609143 composite?
False
Is 24307 prime?
False
Is 10327 a composite number?
True
Is 86561 a prime number?
True
Is 741283 a prime number?
True
Is 14051 a prime number?
True
Is 616943 a prime number?
True
Is 851 a composite number?
True
Is 82781 a composite number?
False
Is 427801 a prime number?
False
Is 14785 a composite number?
True
Is 928835 a composite number?
True
Is 918943 a prime number?
True
Is 364357 prime?
False
Is 79609 a prime number?
True
Is 150571 a composite number?
False
Is 368833 a composite number?
False
Is 18509 prime?
False
Is 1357 a composite number?
True
Is 34421 composite?
False
Is 1559 a prime number?
True
Is 24359 composite?
False
Is 33671 prime?
False
Is 158507 a prime number?
True
Is 1267481 composite?
False
Is 2026697 prime?
True
Is 34423 prime?
False
Is 6247 composite?
False
Is 4720193 a prime number?
True
Is 7753 a prime number?
True
Is 5333 a composite number?
False
Is 156983 prime?
False
Is 9763 prime?
False
Is 317921 a composite number?
False
Is 451 prime?
False
Is 196991 a composite number?
False
Is 4487 composite?
True
Is 522811 prime?
True
Is 9157 prime?
True
Is 15811 a prime number?
False
Is 114859 composite?
False
Is 75011 prime?
True
Is 88721 a composite number?
False
Is 24239 a prime number?
True
Is 59863 composite?
False
Is 949361 prime?
False
Is 4058763 prime?
False
Is 12655 composite?
True
Is 81071 composite?
False
Is 39359 composite?
False
Is 230207 a prime number?
False
Is 166 prime?
False
Is 51283 composite?
False
Is 304789 a prime number?
True
Is 145417 a prime number?
True
Is 397 a composite number?
False
Is 76073 a prime number?
False
Is 74257 a prime number?
True
Is 23089 composite?
True
Is 130171 prime?
True
Is 465043 a prime number?
False
Is 3491 prime?
True
Is 787393 a prime number?
False
Is 234001 a composite number?
True
Is 15434 a prime number?
False
Is 64709 prime?
True
Is 12842 a prime number?
False
Is 125585 a composite number?
True
Is 41113 prime?
True
Is 850567 composite?
False
Is 1686901 prime?
False
Is 6197 a composite number?
False
Is 373447 composite?
False
Is 142507 prime?
False
Is 1529 a composite number?
True
Is 15591 prime?
False
Is 68345 composite?
True
Is 44839 a composite number?
False
Is 53959 prime?
True
Is 1543 prime?
True
Is 130753 composite?
True
Is 8767 a prime number?
False
Is 13207 composite?
True
Is 18869 composite?
False
Is 4918 composite?
True
Is 210379 composite?
True
Is 3943 a prime number?
True
Is 89663 prime?
False
Is 3011 prime?
True
Is 138101 a composite number?
False
Is 10937 prime?
True
Is 1663 a prime number?
True
Is 39293 prime?
True
Is 11851 prime?
False
Is 429493 a prime number?
False
Is 2722 prime?
False
Is 100615 composite?
True
Is 10639 a composite number?
False
Is 1399 composite?
False
Is 166043 prime?
True
Is 839351 a composite number?
False
Is 142469 prime?
True
Is 651347 a composite number?
False
Is 21269 prime?
True
Is 3181 prime?
True
Is 170473 composite?
False
Is 11003 composite?
False
Is 161159 a composite number?
False
Is 25006 a composite number?
True
Is 23011 prime?
True
Is 14047 a composite number?
True
Is 1569145 a prime number?
False
Is 10663 composite?
False
Is 20047 a prime number?
True
Is 10007 composite?
False
Is 91223 prime?
False
Is 10643 a prime number?
False
Is 16183 a composite number?
False
Is 114085 composite?
True
Is 7363 a prime number?
False
Is 117679 a prime number?
True
Is 60353 a composite number?
False
Is 10405 a prime number?
False
Is 48157 composite?
False
Is 98801 prime?
True
Is 1261 composite?
True
Is 438391 a composite number?
False
Is 11863 prime?
True
Is 8369 prime?
True
Is 2333 composite?
False
Is 17287 composite?
True
Is 64547 a composite number?
True
Is 7751 a composite number?
True
Is 87847 a prime number?
False
Is 23665 a composite number?
True
Is 1030619 a prime number?
True
Is 8501 prime?
True
Is 38177 a prime number?
True
Is 170133 a prime number?
False
Is 17165 a prime number?
False
Is 23191 a composite number?
True
Is 351635 prime?
False
Is 1560851 composite?
True
Is 1050899 composite?
False
Is 9194 a composite number?
True
Is 34171 composite?
False
Is 604171 prime?
True
Is 5129 a composite number?
True
Is 21943 prime?
True
Is 202727 a prime number?
False
Is 25889 a composite number?
False
Is 15401 composite?
False
Is 3611 a composite number?
True
Is 1259 a prime number?
True
Is 672331 a composite number?
True
Is 42451 composite?
False
Is 466033 a prime number?
True
Is 1156403 a prime number?
True
Is 59231 prime?
False
Is 42447 a composite number?
True
Is 4751 composite?
False
Is 323507 prime?
True
Is 53722 a composite number?
True
Is 44947 a composite number?
True
Is 110377 composite?
True
Is 10297 a composite number?
True
Is 127339 composite?
True
Is 320719 a prime number?
False
Is 6805 prime?
False
Is 336695 a composite number?
True
Is 297049 composite?
False
Is 269817 prime?
False
Is 685294 a composite number?
True
Is 11665 prime?
False
Is 113591 prime?
True
Is 4897103 a composite number?
False
Is 13586 a prime number?
False
Is 7121 a prime number?
True
Is 267487 composite?
True
Is 43133 a composite number?
False
Is 3269 a prime number?
False
Is 4873 prime?
False
Is 412223 a prime number?
False
Is 7799 a prime number?
False
Is 27893 composite?
False
Is 88771 a composite number?
False
Is 284017 composite?
True
Is 83849 composite?
True
Is 4769 composite?
True
Is 5147 a prime number?
True
Is 155887 a composite number?
False
Is 16759 composite?
False
Is 134581 a composite number?
False
Is 304063 composite?
False
Is 9781 composite?
False
Is 34169 composite?
True
Is 26759 composite?
False
Is 6583 prime?
False
Is 46555 a composite number?
True
Is 199067 prime?
False
Is 72526 a composite number?
True
Is 229137 prime?
False
Is 11533 composite?
True
Is 122201 prime?
True
Is 4441 a prime number?
True
Is 62371 composite?
True
Is 70877 a composite number?
False
Is 66911 a composite number?
True
Is 12227 a composite number?
False
Is 7233 composite?
True
Is 97529 a composite number?
True
Is 1550611 a prime number?
True
Is 130643 composite?
False
Is 2402 composite?
True
Is 17483 composite?
False
Is 62683 composite?
False
Is 266543 prime?
False
Is 7991 prime?
False
Is 6999 composite?
True
Is 140969 a composite number?
True
Is 3596909 a prime number?
False
Is 5182 a prime number?
False
Is 309581 a prime number?
False
Is 158261 a composite number?
False
Is 71161 prime?
True
Is 38635 composite?
True
Is 239261 prime?
False
Is 13561 composite?
True
Is 1117 a prime number?
True
Is 79321 prime?
False
Is 3563 a composite number?
True
Is 232945 prime?
False
Is 58379 a composite number?
